 15 - 19 - (24 - 57)?
-1
What is the value of 6 + (49 - (45 - -40))?
-30
Calculate (-81 - (61 - 120)) + -2 + 1 + -18.
-41
What is -21 - ((115 - 29) + -56)?
-51
-12 + 2 - (5 + -56 + (-31 - -17) - -6)
49
What is the value of -13 - ((-83 - -127) + 29)?
-86
What is the value of (-25 - (-23 + 59)) + -43 + 48 + -16 + -1?
-73
Calculate (5 + -7 - -1 - 10) + (123 - 12) + 3.
103
What is the value of 75 + 116 + -298 + (1 - (0 - 2))?
-104
(-19 - (-1 - 17)) + 28 + -26
1
1 + -1 - -36 - (21896 + -21952)
92
What is the value of 0 - -7 - (4 - 2) - (26 + 113 - 150)?
16
83 + -96 - (4 + 4 + 7)
-28
Evaluate -96 + 103 + (-3 + 5 - 7) + 0.
2
Evaluate 5 - -39 - (-98 + 142).
0
Evaluate -716 + 720 - (1 + 0 + -3 + 4 - -63).
-61
What is 56 - (103 - 87) - -34?
74
Evaluate -7 + 1 + 11 + -101 + 85.
-11
Evaluate 33 + -48 + (21 - 45).
-39
Calculate (-1 - 5 - (-1 - 99)) + -4 + 5 + -6.
89
Calculate 14 + (-1 - 0) + (379 - (705 + -199)).
-114
What is -29 + (-57 - -57) + 30?
1
What is 98 - 46 - 66 - (33 - -1) - -6?
-42
What is the value of -160 + (-40 - -197) + (2 + -3 - 6)?
-10
Evaluate -2 + -2 + 64 - (-1295 + 1311).
44
What is 0 + -1 - -44 - (-18 - 16 - (-29 - -3))?
51
Evaluate 954 - 988 - (10 - 2).
-42
(5 - (75 - 79)) + 30
39
Calculate 0 - ((-33 - 3) + (21 - 8)).
23
-7 - (1 + (0 + -10 - (114 - 150)) + -5)
-29
Evaluate (-14 + -1 - (17 - (59 - 20))) + (4 - -5).
16
What is the value of 7 + -17 + 26 + (-15 - -2) + -9?
-6
-103 + (63 - 27) - -18
-49
What is the value of (-52 - (-63 + 11)) + (-5 - -5)?
0
Calculate (3 - (0 + 18)) + (-154 - -86 - -53).
-30
Evaluate 1 - (16 + -1) - (-29 + 6 + 70 - 47).
-14
Evaluate -311 - -161 - (-115 + 1).
-36
Calculate ((2 - -11) + -2 - 1) + 21304 + -21323 + -73.
-82
Evaluate 14 + 4 + (-81 + 43 - -48).
28
(-10 - 4) + -7 - -15 - ((-15 - -9) + -116)
116
Evaluate (-98 - -82) + 15 + -17.
-18
Calculate (12 - 6) + (33 + -32 - (1 + -42)) - 7.
41
What is the value of 44 + -35 + 168 + -131?
46
What is the value of 5 - (-61 + 33 + 12)?
21
(-141 - -128) + (13 - (-14 + -57))
71
What is the value of -37 - (-51 + 59 - -38)?
-83
What is 2 - (8 + (0 - -1) + (-1301 - -1322)) - 5?
-33
What is 13 - (-4 + 7) - (13 - (2 + -10 + 17))?
6
Evaluate (33 + (-36 - -18) - (-3 - 9)) + -1.
26
Evaluate (14 - 33) + 34 + -35 + -18 - (0 + 11).
-49
Evaluate -147 + 145 - (8 + 1 + -22).
11
What is the value of 13 - (-5 - -50) - -10?
-22
Calculate 46 - (31 - 29 - -24) - -82.
102
What is the value of -19 - -19 - (2 + 1) - (100 + -84)?
-19
What is the value of (2 - -2) + (43 - 17 - 1 - -1) - -12?
42
What is -80 + 3 - (-58 + 57) - (-4 + -5 + 11)?
-78
Calculate (1 - (-33 - -3)) + 1050 + -1172.
-91
Evaluate (33 + 29 - -12) + -4 + -6.
64
Evaluate -50 - -2 - -2 - (27 - (75 - 63)).
-61
5 - ((45 - 38) + -33)
31
What is 31 + -9 + (1 - -7) + -36?
-6
Calculate (0 - 1) + -60 - (-29694 + 29695).
-62
What is the value of -16 + (-12 - -27) + 11 + 77 + 6?
93
Calculate -3 - (0 + 5) - (20 - 32).
4
40 + -13 + -32 + 1 + 0 - -14
10
37 + -15 + (169 - 185)
6
What is the value of -4 + -57 + (-58 - -118)?
-1
(16 - 27) + 9 + 4 + -5 + -6
-9
Evaluate -8 - (-30 + 21 + -18) - 30.
-11
-1 - (0 + 38 + 1 + (5 - 15) + 16)
-46
Calculate 97 + -15 + (-5 - 2) + 20 + -15.
80
What is the value of -30 + (3 - -3 - (16 + (-40 - -21)))?
-21
What is the value of -25 - (-40 + 81 - 16)?
-50
What is the value of -158 - -198 - (-2 - -2)?
40
Calculate (0 - -11 - (124 + -149)) + (4 - (1 - -1)).
38
(40 - (1 + 20 + -16)) + 16
51
Calculate (-185 - -156) + 10 + 6.
-13
Evaluate (-19 - -41 - 28 - -20) + (1 - -5).
20
What is -12 + 2 + (1 - -1) + (-48 - 26 - -85)?
3
What is 33 + (40 - 57) + 62?
78
Calculate 3 - (193 + -200 - (-38 + 2 + -1)).
-27
What is the value of -19 + (-72 - -53) + 34?
-4
Calculate (6 - -31) + -6 + (59 - 43).
47
Calculate -1 + -116 - (-1719 - -1660).
-58
Calculate (0 - (2 + -1)) + (33396 - 33369).
26
Evaluate 12 - (21 - ((-21 - -19) + -11)).
-22
(7 - -4) + 11 + (45 - 90)
-23
What is the value of (-10 - -2 - -1) + 1 - (-115 + 206 + -88)?
-9
-75 + -1 + 6 - (-9 + 8 + (3 - -5))
-77
Evaluate -11956 + 12102 + -229 + 1.
-82
What is (-6 + 35 - (26 + -15) - 10) + -13?
-5
Calculate (-206 - -58) + 283 + -90.
45
What is the value of -45 + -27 + (-14 - (-80 - -23))?
-29
-10 - ((7 - 1) + (2 - (16 + 9)))
7
(15 + 30 - (17 + -7)) + 0 + 12
47
Calculate -1 + 41 + (-60 - (-31 - 23)).
34
Evaluate 11 - ((12 - 10) + 1) - (15 - 1) - -31.
25
Calculate -71 - (14 - 115) - 86.
-56
Calculate -33 + 1 - (2096 - 2089).
-39
What is the value of -2 - (-1870 + 1868 + (0 - (3 + -2) - -150))?
-149
Calculate ((22 + 1 - 8) + 10 - 16) + 14.
23
What is the value of (22 - 30) + 7 - 22?
-23
What is the value of 68 + (60 - 119) + (1 + -6 - 1)?
3
What is -43 + 11 - -174 - (-74 + 92)?
124
What is the value of 25 - -74 - (-1 - (-13 - (9 + -13)))?
91
Calculate 24 + -41 - (13 + 17).
-47
1 + (-16 - (-9 + -11 + 7))
-2
Calculate 127 - (1 - 8 - (2 - (8 - (-3 + 1)))).
126
What is 7 + 0 + (33 - 1) + (-28 - (-41 + 17))?
35
(8 - 6 - (-3 - (9 + -26))) + -27
-39
What is -1 - -44 - (-3 + 5 + -7 - (132 - 131))?
49
(4 - (-14 - -27)) + -32
-41
What is 236 - 217 - (-8 - -14 - 59 - 0)?
72
What is (1 - (-1 + -22)) + 36 + -21 + 1?
40
Evaluate -69 + (100 - (120 + -66)).
-23
Calculate (-4 - -1) + 0 - (3 - (-32 + 8 + -4)).
-34
Evaluate -5 + 2 + 87 - -5 - (60 - 5 - 42).
76
What is the value of -2 - (-5 - -8) - (-153 - -144) - (2 + 67)?
-65
83 + (-19 - -2 - 23)
43
-1 - ((-11 - -22) + 39) - (18 + -18)
-51
What is (0 - 7) + (10173 - 10190)?
-24
Calculate 33 - 0 - (-4417 + 4462).
-12
-4 - (-5 - 69) - 31 - (8 - -1)
30
Calculate (-49 - (-76 + 104)) + 61.
-16
What is the value of (1 + 4 - (-25 + 25)) + -8 + -7 + 44?
34
Calculate 7 + -14 + -5 + 13 + -1 + (55 - 0).
55
(-54 - -19) + 20 + (0 - (5 - 10 - -6))
-16
What is -47 - (-90 - -25) - (2 - 21 - -1)?
36
What is -21 - (-35 + 13 + 3 + 19)?
-21
What is (4 - (-25 - -21)) + -33 + 8?
-17
Calculate 18 + -1 + (-6580 - -6458).
-105
Evaluate -56 + (0 - -1) - (81 + (-152 - -74)).
-58
What is 26 + 7 - (-33 - -51)?
15
What is the value of 3 + -123 + -2494 + 2517?
-97
What is the value of 65 + (92 - 363) + 87?
-119
What is 18 - (-8 - (-14 + (13 - (-2 + 6))))?
21
Evaluate (10 + -7 - ((0 - 6) + 12 - -8)) + 65.
54
Calculate 0 + 79 + (153 + -61 - 71).
100
What is -1 + -41 + (57 - (-134 + 206))?
-57
Evaluate -77 + 107 + (-48 - 12).
-30
Calculate -1 + -3 + (8 - -1 - -5 - 14).
-4
Calculate 36 + -44 + 52 - 42 - 84.
-82
Calculate -8 - (0 - 5) - (8 - (20 + -40)).
-31
Evaluate (-61 - (30 - -16)) + 61.
-46
9 - (13 - 17) - (16 - (9 - 3))
3
What is the value of -1 - 11 - (36 + -24 + (-14 - 2))?
-8
Evaluate -4 + 4 + -9 + 1 + (10 - 1).
1
What is the value of -2 + -1 + 1 + (-409 - -217) + 134?
-60
What is (9 - -7) + -12 - -88 - (-16 + -1 - -14)?
95
What is the value of 678 + -711 - (-2 - (70 - -2))?
41
2 + (-9 - 3) + (93 - 38 - 76)
-31
Calculate -80 + -2 + 12 + (4 + 8 - 7 - 16).
-81
Evaluate -15 + (-6 - (-17 + (-7 - -4) + 8)) + 2.
-7
Evaluate 5 - ((-1 - 6) + (-20 - 0 - (-433 - -347))).
-54
What is the value of 5630 + -5605 - (2 + -3 + -16)?
42
-140 + 152 + 19 + (2 - 7)
26
What is the value of 3 - ((13 + -17 - 7) + 2) - -15?
27
Calculate (-25 - -34) + (-11 - 5 - (-10 - -16)).
-13
Evaluate -3 + (-22 - -12 - (-4 + 4)) + 16 - -110.
113
Calculate -123 + 129 - -13 - (3 + 67).
-51
Calculate -40 - (-14 - -13 - -4 - 68).
25
What is the value of 55 - -22 - (-37 - -70)?
44
What is (-2 - (-22 - (10 + -25))) + 3?
8
What is -8 - (3 + -8) - (-14 + (0 - -17) + -2)?
-4
Calculate 27 - (-35 + 90 + -37) - (76 + 1).
-68
Evaluate 9 - (-2 - -30 - -7) - 6 - 11.
-43
(0 - -24) + 38 - 28
34
-1 - 0 - 2 - (-234 + 231) - 6
-6
(-89 - -109) + (5 - (1 + 11 + 4))
9
Calculate (-3 - (4 + -5)) + (-30 - -30) - (-2 - 41).
41
-7 + -6 + (7 - (-5 - -3)) + 62 + 48
106
What is the value of -10 - ((-143 - -123) + -78)?
88
Evaluate (-86 + 135 - 49) + (-1 - 0 - -1).
0
Calculate 29 + (-35 - 159) - (-37 - -1).
-129
What is the value of (-14 - 7) + 21 - ((2 - -4 - 9) + -63)?
66
Evaluate -34 - (-7 + -11 + 32).
-48
What is -6 - (-9 - 1 - 2 - (48 - 41 - 126))?
-113
Calculate (-3 + 8 - 9 - (9 + -6)) + -11.
-18
What is the value of (-4 - 9 - (-28 + 15 - -16)) + -38?
-54
What is the value of 82 + (-45 - (42 - 32))?
27
What is -1 - ((-18 - (15 + -48)) + 2 + -16 + 2)?
-4
What is 23 + (-7 - (12 + -26) - 12)?
18
9 + 2 + (34 - 39) + 74 - 22
5